0081 prime?
False
Is 2271937277 a prime number?
False
Is 10797086239 a prime number?
True
Is 9457027079 a prime number?
True
Is 13942542382 a prime number?
False
Is 6423084251 a prime number?
True
Is 180333499799 a composite number?
True
Is 6337976479 a composite number?
False
Is 22984491269 composite?
True
Is 313547620607 composite?
True
Is 5308753943 a composite number?
True
Is 2217802747 composite?
True
Is 3056421673 composite?
False
Is 8299076809 a prime number?
True
Is 650782541 a prime number?
True
Is 27935339129 prime?
True
Is 38616320891 a prime number?
True
Is 12663610433 composite?
True
Is 9063538711 prime?
True
Is 60637402613 composite?
True
Is 641515046 prime?
False
Is 1254966233 a prime number?
True
Is 637998371 prime?
False
Is 59578879553 prime?
True
Is 223512824977 composite?
True
Is 14090360783 a composite number?
False
Is 150648456347 a composite number?
True
Is 102157941 a composite number?
True
Is 1797544163 a composite number?
False
Is 52798965673 composite?
False
Is 1784086991 a prime number?
True
Is 2934185633 composite?
False
Is 182052079 a prime number?
False
Is 2976709193 a prime number?
True
Is 38739701063 a composite number?
True
Is 536548114 a prime number?
False
Is 2664617867 a composite number?
False
Is 2459854357 a composite number?
True
Is 61786403599 a composite number?
False
Is 1702946183 a composite number?
True
Is 11033814199 composite?
False
Is 663206081 a prime number?
False
Is 648302009 composite?
True
Is 25472341343 a prime number?
False
Is 815507647 composite?
True
Is 443204969 a prime number?
True
Is 54382466869 a composite number?
True
Is 6146473901 prime?
False
Is 19393137313 prime?
False
Is 13812512815 a prime number?
False
Is 7643758813 prime?
True
Is 763530769 a prime number?
True
Is 2393760203 a composite number?
True
Is 5622657951 a prime number?
False
Is 883620149 prime?
False
Is 31253941189 composite?
True
Is 1453479221 prime?
True
Is 5616705791 a composite number?
True
Is 31469511301 composite?
False
Is 1724114157 prime?
False
Is 11152933921 a composite number?
True
Is 35285399 a prime number?
False
Is 1354152149 a prime number?
False
Is 3392466499 composite?
False
Is 4081488199 composite?
False
Is 768057167 a prime number?
True
Is 151945503053 a composite number?
False
Is 23167076683 composite?
True
Is 152101867 a prime number?
False
Is 902480597 a composite number?
False
Is 6929133439 composite?
True
Is 133874479 prime?
True
Is 32184569 a composite number?
False
Is 122051321227 a composite number?
True
Is 59455705691 a composite number?
False
Is 1929881143 a prime number?
False
Is 8278948589 composite?
False
Is 315923989 composite?
True
Is 4668667037 a prime number?
False
Is 42384966383 a composite number?
False
Is 22393000793 a prime number?
False
Is 2923237691 composite?
True
Is 23667402043 a composite number?
False
Is 708848321 a composite number?
True
Is 11317656613 composite?
True
Is 5882473871 composite?
False
Is 24427787623 a prime number?
True
Is 1399728541 a prime number?
False
Is 555060409 a composite number?
True
Is 147439039505 a prime number?
False
Is 185626426763 prime?
True
Is 9791839529 prime?
True
Is 4843947161 a composite number?
False
Is 3618858137 composite?
False
Is 3092336999 a composite number?
False
Is 16526307947 prime?
True
Is 670886207 a composite number?
False
Is 2211044183 composite?
False
Is 2020442755 prime?
False
Is 30696739 a prime number?
True
Is 587569835 prime?
False
Is 5911753429 prime?
True
Is 698010299 prime?
False
Is 142032133 composite?
True
Is 188621221 prime?
True
Is 15214885705 a composite number?
True
Is 289609306453 a composite number?
False
Is 4491897679 composite?
False
Is 9944678987 composite?
False
Is 158862829 composite?
True
Is 2586242651 prime?
False
Is 246165827 a prime number?
False
Is 675169331 a prime number?
False
Is 187599114341 a composite number?
False
Is 716112443 a composite number?
True
Is 1209031931 a composite number?
False
Is 20540438791 composite?
False
Is 886339897 prime?
False
Is 22629952231 composite?
True
Is 395450423 a composite number?
False
Is 636645463 a composite number?
False
Is 704383649 a prime number?
False
Is 20157324919 composite?
False
Is 5491186963 a prime number?
False
Is 1753883533 a prime number?
False
Is 2982473447 a composite number?
True
Is 342338789185 a composite number?
True
Is 306907721 composite?
True
Is 6300469209 composite?
True
Is 21348784421 composite?
True
Is 124716675653 a prime number?
False
Is 871532759 prime?
True
Is 2965687649 a prime number?
False
Is 41766017 prime?
True
Is 17060248991 a prime number?
False
Is 17877312389 prime?
False
Is 1249437901 prime?
False
Is 5659928861 a composite number?
False
Is 13645325905 composite?
True
Is 9913001419 composite?
False
Is 207700807331 a composite number?
False
Is 701600957 a prime number?
False
Is 5924289959 composite?
True
Is 57872613013 prime?
True
Is 23266638523 a composite number?
True
Is 1005261137 a composite number?
True
Is 69920041357 a prime number?
False
Is 4484659561 a composite number?
True
Is 520269863 a composite number?
False
Is 1114553563 a composite number?
True
Is 23593319 composite?
False
Is 414951396619 prime?
True
Is 827259973 a composite number?
False
Is 67784309 composite?
True
Is 51053965733 a composite number?
True
Is 3305287561 prime?
True
Is 3784606213 a composite number?
False
Is 910883153 composite?
False
Is 43479643 a composite number?
False
Is 5111356417 a composite number?
False
Is 716842795 a prime number?
False
Is 104255058577 composite?
False
Is 2074462543 a prime number?
True
Is 166862867 prime?
True
Is 2110401203 a prime number?
True
Is 3986429039 prime?
False
Is 142170037 composite?
False
Is 1347524083 prime?
False
Is 2134664809 a prime number?
True
Is 7985859493 a composite number?
True
Is 43029314 a prime number?
False
Is 1276926647 prime?
False
Is 1720833329 composite?
False
Is 486174089 composite?
True
Is 3069439213 composite?
True
Is 869163187 a composite number?
False
Is 548863871 a composite number?
False
Is 4870440773 prime?
False
Is 10860169174 a composite number?
True
Is 2059849861 a prime number?
True
Is 38949647923 a composite number?
False
Is 70489763 prime?
True
Is 621007133 prime?
True
Is 910492777 prime?
False
Is 1033987 composite?
False
Is 7074351509 a prime number?
True
Is 98923827 a composite number?
True
Is 168635407663 a composite number?
False
Is 1453270853 a prime number?
False
Is 1170705343 composite?
False
Is 333074733 composite?
True
Is 6594397751 a prime number?
False
Is 12313236721 composite?
True
Is 15885867047 prime?
True
Is 1026844981 a prime number?
True
Is 94416703 prime?
True
Is 58300776773 a composite number?
True
Is 675052487 composite?
False
Is 4431763139 a composite number?
False
Is 646042967 composite?
True
Is 1367646197 a composite number?
False
Is 36437688487 a prime number?
True
Is 40383206987 a prime number?
True
Is 3232932299 composite?
False
Is 7552367743 prime?
False
Is 5501091611 composite?
True
Is 69042670519 composite?
True
Is 57546097855 a composite number?
True
Is 73277328939 prime?
False
Is 36258142523 composite?
False
Is 16553413 prime?
True
Is 3583934351 composite?
True
Is 657794507 prime?
True
Is 2314942417 a composite number?
False
Is 39816048781 composite?
True
Is 30228397601 a composite number?
False
Is 18000295267 a prime number?
True
Is 4592071397 a composite number?
False
Is 121251801131 a prime number?
False
Is 13722689083 a prime number?
True
Is 3536043803 composite?
False
Is 76819554935 a composite number?
True
Is 393730343 a prime number?
True
Is 3796512193 composite?
True
Is 96971351053 a prime number?
True
Is 17473022837 a composite number?
True
Is 4351752767 a prime number?
True
Is 40560426967 prime?
True
Is 197330553689 prime?
False
Is 4057447949 a prime number?
False
Is 15884211121 prime?
True
Is 333342953011 prime?
True
Is 48404945779 prime?
True
Is 3154127663 composite?
True
Is 32785837541 a composite number?
True
Is 187583805029 composite?
False
Is 38606228023 prime?
False
Is 41701090439 composite?
False
Is 1313999845 a prime number?
False
Is 4199853829 composite?
False
Is 798105149 a prime number?
True
Is 184878839 composite?
False
Is 4055813617 a prime number?
False
Is 151712709179 prime?
True
Is 56016050417 composite?
False
Is